{"id":80,"date":"2023-05-05T00:01:16","date_gmt":"2023-05-04T22:01:16","guid":{"rendered":"https:\/\/martinesentein.com\/?page_id=80"},"modified":"2023-05-10T09:52:30","modified_gmt":"2023-05-10T07:52:30","slug":"contact","status":"publish","type":"page","link":"https:\/\/martinesentein.com\/index.php\/contact\/","title":{"rendered":"Contact"},"content":{"rendered":"\n<div class=\"wp-block-columns are-vertically-aligned-center is-layout-flex wp-container-core-columns-is-layout-9d6595d7 wp-block-columns-is-layout-flex\">\n<div class=\"wp-block-column is-vertically-aligned-center is-layout-flow wp-block-column-is-layout-flow\">\n<figure class=\"wp-block-image size-full is-style-rounded\"><img loading=\"lazy\" decoding=\"async\" width=\"1000\" height=\"1017\" src=\"https:\/\/martinesentein.com\/wp-content\/uploads\/2023\/05\/martine-sentein-contact.jpg\" alt=\"\" class=\"wp-image-10\" srcset=\"https:\/\/martinesentein.com\/wp-content\/uploads\/2023\/05\/martine-sentein-contact.jpg 1000w, https:\/\/martinesentein.com\/wp-content\/uploads\/2023\/05\/martine-sentein-contact-295x300.jpg 295w, https:\/\/martinesentein.com\/wp-content\/uploads\/2023\/05\/martine-sentein-contact-768x781.jpg 768w\" sizes=\"auto, (max-width: 1000px) 100vw, 1000px\" \/><\/figure>\n<\/div>\n\n\n\n<div class=\"wp-block-column is-vertically-aligned-center is-layout-flow wp-block-column-is-layout-flow\">\n<p>Mon atelier est situ\u00e9 \u00e0 GRABELS, pr\u00e8s de MONTPELLIER, dans le sud de la FRANCE.<\/p>\n\n\n\n<p><br>Pour me contacter par e-mail, avoir des informations sur mes \u0153uvres, merci de cliquer ci-dessous.<\/p>\n\n\n\n<a href=\"mailto:martine.sentein@neuf.fr?subject=Message du site&#038;body=Message du site MS\">Contacter Martine SENTEIN<\/a>\n<\/div>\n<\/div>\n","protected":false},"excerpt":{"rendered":"<p>Mon atelier est situ\u00e9 \u00e0 GRABELS, pr\u00e8s de MONTPELLIER, dans le sud de la FRANCE. Pour me contacter par e-mail, avoir des informations sur mes \u0153uvres, merci de cliquer ci-dessous. Contacter Martine SENTEIN<\/p>\n","protected":false},"author":1,"featured_media":0,"parent":0,"menu_order":0,"comment_status":"closed","ping_status":"closed","template":"","meta":{"_themeisle_gutenberg_block_has_review":false,"footnotes":""},"class_list":["post-80","page","type-page","status-publish","hentry","entry"],"_links":{"self":[{"href":"https:\/\/martinesentein.com\/index.php\/wp-json\/wp\/v2\/pages\/80","targetHints":{"allow":["GET"]}}],"collection":[{"href":"https:\/\/martinesentein.com\/index.php\/wp-json\/wp\/v2\/pages"}],"about":[{"href":"https:\/\/martinesentein.com\/index.php\/wp-json\/wp\/v2\/types\/page"}],"author":[{"embeddable":true,"href":"https:\/\/martinesentein.com\/index.php\/wp-json\/wp\/v2\/users\/1"}],"replies":[{"embeddable":true,"href":"https:\/\/martinesentein.com\/index.php\/wp-json\/wp\/v2\/comments?post=80"}],"version-history":[{"count":17,"href":"https:\/\/martinesentein.com\/index.php\/wp-json\/wp\/v2\/pages\/80\/revisions"}],"predecessor-version":[{"id":503,"href":"https:\/\/martinesentein.com\/index.php\/wp-json\/wp\/v2\/pages\/80\/revisions\/503"}],"wp:attachment":[{"href":"https:\/\/martinesentein.com\/index.php\/wp-json\/wp\/v2\/media?parent=80"}],"curies":[{"name":"wp","href":"https:\/\/api.w.org\/{rel}","templated":true}]}}